{"id":10369,"date":"2017-05-22T19:16:17","date_gmt":"2017-05-22T17:16:17","guid":{"rendered":"http:\/\/www.film-felix.com\/?product=vienna-wiental-81211-1"},"modified":"2025-07-15T12:32:57","modified_gmt":"2025-07-15T10:32:57","slug":"vienna-wiental-81211-1","status":"publish","type":"product","link":"http:\/\/www.film-felix.com\/?product=vienna-wiental-81211-1","title":{"rendered":"Vienna, Wiental 81211-1 Subway U4 Upright Size"},"content":{"rendered":"<p><span style=\"color: #000000;\">Vienna, Austria<\/span><\/p>\n<p id=\"tw-target-text\" class=\"tw-data-text tw-text-large tw-ta\" dir=\"ltr\" data-placeholder=\"\u00dcbersetzung\" data-ved=\"2ahUKEwik3NvP076OAxVaVvEDHUPpLD0Q3ewLegQICRAU\" aria-label=\"\u00dcbersetzter Text: Die U-Bahnlinie U4 f\u00e4hrt Richtung Osten (n\u00e4hert sich der Kameraposition) zwischen den Stationen Sch\u00f6nbrunn und Pilgramgasse. Es handelt sich um einen U-Zug, Erstauslieferung 1986.\"><span class=\"Y2IQFc\" lang=\"de\" style=\"color: #000000;\">Die U-Bahnlinie U4 f\u00e4hrt Richtung Osten (auf die Kamera zu) zwischen den Stationen Sch\u00f6nbrunn und Pilgramgasse. Es handelt sich um einen fr\u00fchen sogenannten U-Zug, Erstauslieferung 1986.<\/span><\/p>\n<p id=\"tw-target-text\" class=\"tw-data-text tw-text-large tw-ta\" dir=\"ltr\" data-placeholder=\"\u00dcbersetzung\" data-ved=\"2ahUKEwik3NvP076OAxVaVvEDHUPpLD0Q3ewLegQICRAU\" aria-label=\"\u00dcbersetzter Text: \u041b\u0456\u043d\u0456\u044f \u043c\u0435\u0442\u0440\u043e U4, \u0449\u043e \u043f\u0440\u044f\u043c\u0443\u0454 \u043d\u0430 \u0441\u0445\u0456\u0434 (\u043d\u0430\u0431\u043b\u0438\u0436\u0430\u044e\u0447\u0438\u0441\u044c \u0434\u043e \u043c\u0456\u0441\u0446\u044f \u0440\u043e\u0437\u0442\u0430\u0448\u0443\u0432\u0430\u043d\u043d\u044f \u043a\u0430\u043c\u0435\u0440\u0438), \u043c\u0456\u0436 \u0441\u0442\u0430\u043d\u0446\u0456\u044f\u043c\u0438 \u0428\u0435\u043d\u0431\u0440\u0443\u043d\u043d \u0442\u0430 \u041f\u0456\u043b\u044c\u0433\u0440\u0430\u043c\u0433\u0430\u0441\u0441\u0435. \u0426\u0435 \u043f\u043e\u0457\u0437\u0434 \u0442\u0438\u043f\u0443 U, \u043f\u0435\u0440\u0448\u0430 \u043f\u043e\u0441\u0442\u0430\u0432\u043a\u0430 \u044f\u043a\u043e\u0433\u043e \u0432\u0456\u0434\u0431\u0443\u043b\u0430\u0441\u044f \u0443 1986 \u0440\u043e\u0446\u0456.\"><span class=\"Y2IQFc\" lang=\"uk\" style=\"color: #000000;\">\u041b\u0456\u043d\u0456\u044f \u043c\u0435\u0442\u0440\u043e U4, \u0449\u043e \u043f\u0440\u044f\u043c\u0443\u0454 \u043d\u0430 \u0441\u0445\u0456\u0434 (\u043d\u0430\u0431\u043b\u0438\u0436\u0430\u044e\u0447\u0438\u0441\u044c \u0434\u043e \u043c\u0456\u0441\u0446\u044f \u0440\u043e\u0437\u0442\u0430\u0448\u0443\u0432\u0430\u043d\u043d\u044f \u043a\u0430\u043c\u0435\u0440\u0438), \u043c\u0456\u0436 \u0441\u0442\u0430\u043d\u0446\u0456\u044f\u043c\u0438 \u0428\u0435\u043d\u0431\u0440\u0443\u043d\u043d \u0442\u0430 \u041f\u0456\u043b\u044c\u0433\u0440\u0430\u043c\u0433\u0430\u0441\u0441\u0435. \u0426\u0435 \u043f\u043e\u0457\u0437\u0434 \u0442\u0438\u043f\u0443 U, \u043f\u0435\u0440\u0448\u0430 \u043f\u043e\u0441\u0442\u0430\u0432\u043a\u0430 \u044f\u043a\u043e\u0433\u043e \u0432\u0456\u0434\u0431\u0443\u043b\u0430\u0441\u044f \u0443 1986 \u0440\u043e\u0446\u0456.<\/span><\/p>\n<p id=\"tw-target-text\" class=\"tw-data-text tw-text-large tw-ta\" dir=\"ltr\" data-placeholder=\"\u00dcbersetzung\" data-ved=\"2ahUKEwik3NvP076OAxVaVvEDHUPpLD0Q3ewLegQICRAU\" aria-label=\"\u00dcbersetzter Text: La l\u00ednea de metro U4 en direcci\u00f3n este (acerc\u00e1ndose a la posici\u00f3n de la c\u00e1mara), entre las estaciones de Sch\u00f6nbrunn y Pilgramgasse. Este es un tren tipo U, cuya primera entrega se produjo en 1986.\"><span class=\"Y2IQFc\" lang=\"es\" style=\"color: #000000;\">La l\u00ednea de metro U4 en direcci\u00f3n este (acerc\u00e1ndose a la posici\u00f3n de la c\u00e1mara), entre las estaciones de Sch\u00f6nbrunn y Pilgramgasse. Este es un tren tipo U, cuya primera entrega se produjo en 1986.<\/span><\/p>\n<p><span style=\"color: #000000;\">The subway line U4 going eastwards (approaching the camera position), between the stations Sch\u00f6nbrunn and Pilgramgasse. This is a U type train, first delivery in 1986.<\/span><br \/>\n<span style=\"color: #000000;\"><strong>Upright Size<\/strong>.<\/span><\/p>\n<p><span style=\"color: #000000;\">Available as part (max.14min) of a longplay medley.<br \/>\nFor other data formats please email me <span style=\"color: #0000ff;\"><a style=\"color: #0000ff;\" href=\"mailto:office@film-felix.com\" target=\"_blank\" rel=\"noopener\"><strong>here<\/strong><\/a><\/span>.<\/span><\/p>\n<p><span style=\"color: #000000;\"><strong>YOUR FREE max.20sec TRAILER DOWNLOAD<\/strong> comes zipped and with a text insert.<br \/>\nDownload here a <\/span><span style=\"color: #000000;\"><a style=\"color: #0000ff;\" href=\"http:\/\/film-felix.com\/wp-content\/uploads\/2017\/81211-1_hoch\/MOV_81211-1q_u4_trailer_vidCon_480p_20s_mT.zip\"><strong>MOV format approx. 3,6 MB.<\/strong><\/a><br \/>\n<\/span><\/p>\n<p><span style=\"color: #000000;\">COMMERCIAL USE<\/span><br \/>\n<span style=\"color: #000000;\">For commercial use. <span style=\"color: #0000ff;\"><a style=\"color: #0000ff;\" href=\"http:\/\/www.film-felix.com\/?page_id=1185\" target=\"_blank\" rel=\"noopener\"><strong>What is commercial use?<\/strong><\/a><\/span><\/span><\/p>\n<p><span style=\"color: #000000;\">LONGPLAY<\/span><br \/>\n<span style=\"color: #000000;\">Due to the file size, longplays are no download products. For a longplay email me\u00a0<span style=\"color: #0000ff;\"><a style=\"color: #0000ff;\" href=\"mailto:office@film-felix.com\" target=\"_blank\" rel=\"noopener\"><strong>here<\/strong><\/a><\/span>. Prior to this, clarify your preferred data format and transport media. In order to identify a made-to-measure video, each Film-Felix longplay comes with a 4 digit code in a corner, or with a text line of your choice.<\/span><\/p>\n<p><span style=\"color: #999999;\">WHITE<br \/>\n<\/span><\/p>\n","protected":false},"excerpt":{"rendered":"<p><span style=\"color: #000000;\"><span style=\"color: #ffffff;\">.<\/span><br \/>\nThe subway line U4 going eastwards, between the stations Sch\u00f6nbrunn and Pilgramgasse. This is a U type train, first delivery in 1986.<br \/>\n<span style=\"color: #000000;\">30 seconds video clip.<\/span><strong><br \/>\n<\/strong><\/span><\/p>\n<p>&nbsp;<\/p>\n<p><iframe loading=\"lazy\" src=\"https:\/\/www.youtube.com\/embed\/eo8j9t0oF4k\" width=\"560\" height=\"315\" frameborder=\"0\" allowfullscreen=\"allowfullscreen\"><\/iframe><\/p>\n<p>&nbsp;<\/p>\n<p><span style=\"color: #000000;\">Use the &#8220;Add to cart&#8221; button to buy the 30 seconds video clip.<br \/>\nHD Quality, <strong>Upright Size <\/strong>9:16.<br \/>\nSummer season, sunny day.<br \/>\nOriginal environment sound.<br \/>\nM2TS video data format, <span style=\"color: #0000ff;\"><strong><a style=\"color: #0000ff;\" href=\"http:\/\/www.film-felix.com\/?page_id=1517\" target=\"_blank\" rel=\"noopener\">zipped<\/a><\/strong><\/span>. File size approx. 95 MB.<br \/>\nLicensed for private and for commercial use. <span style=\"color: #0000ff;\"><a style=\"color: #0000ff;\" href=\"http:\/\/www.film-felix.com\/?page_id=1185\" target=\"_blank\" rel=\"noopener\"><strong>What is private use? What is commercial use?<\/strong><\/a><\/span><br \/>\n<\/span><\/p>\n","protected":false},"featured_media":10372,"comment_status":"open","ping_status":"closed","template":"","meta":{"_seopress_robots_primary_cat":"none","_seopress_titles_title":"","_seopress_titles_desc":"","_seopress_robots_index":"","_et_pb_use_builder":"","_et_pb_old_content":"","_et_gb_content_width":""},"product_brand":[],"product_cat":[566,765,534,699,727,220,223,227,228,231,243,244,555,245,682],"product_tag":[353,34,348],"class_list":{"0":"post-10369","1":"product","2":"type-product","3":"status-publish","4":"has-post-thumbnail","6":"product_cat-alle_2017","7":"product_cat-elevator-upright-up","8":"product_cat-white","9":"product_cat-traffic-upright-part","10":"product_cat-medley-upright","11":"product_cat-upright","12":"product_cat-upr_austria","13":"product_cat-upr_trains","14":"product_cat-upr_city-life","15":"product_cat-upr_daylight","16":"product_cat-upr_summer","17":"product_cat-upr_sun","18":"product_cat-upr-tech","19":"product_cat-upr-vienna","20":"product_cat-upr-wothers","21":"product_tag-classic","22":"product_tag-clip","23":"product_tag-street","25":"first","26":"instock","27":"downloadable","28":"virtual","29":"sold-individually","30":"taxable","31":"purchasable","32":"product-type-simple"},"_links":{"self":[{"href":"http:\/\/www.film-felix.com\/index.php?rest_route=\/wp\/v2\/product\/10369","targetHints":{"allow":["GET"]}}],"collection":[{"href":"http:\/\/www.film-felix.com\/index.php?rest_route=\/wp\/v2\/product"}],"about":[{"href":"http:\/\/www.film-felix.com\/index.php?rest_route=\/wp\/v2\/types\/product"}],"replies":[{"embeddable":true,"href":"http:\/\/www.film-felix.com\/index.php?rest_route=%2Fwp%2Fv2%2Fcomments&post=10369"}],"wp:featuredmedia":[{"embeddable":true,"href":"http:\/\/www.film-felix.com\/index.php?rest_route=\/wp\/v2\/media\/10372"}],"wp:attachment":[{"href":"http:\/\/www.film-felix.com\/index.php?rest_route=%2Fwp%2Fv2%2Fmedia&parent=10369"}],"wp:term":[{"taxonomy":"product_brand","embeddable":true,"href":"http:\/\/www.film-felix.com\/index.php?rest_route=%2Fwp%2Fv2%2Fproduct_brand&post=10369"},{"taxonomy":"product_cat","embeddable":true,"href":"http:\/\/www.film-felix.com\/index.php?rest_route=%2Fwp%2Fv2%2Fproduct_cat&post=10369"},{"taxonomy":"product_tag","embeddable":true,"href":"http:\/\/www.film-felix.com\/index.php?rest_route=%2Fwp%2Fv2%2Fproduct_tag&post=10369"}],"curies":[{"name":"wp","href":"https:\/\/api.w.org\/{rel}","templated":true}]}}