{"id":15124,"date":"2019-09-20T17:30:49","date_gmt":"2019-09-20T15:30:49","guid":{"rendered":"http:\/\/www.film-felix.com\/?post_type=product&#038;p=15124"},"modified":"2023-01-30T21:59:58","modified_gmt":"2023-01-30T19:59:58","slug":"venice-laguna-63545","status":"publish","type":"product","link":"http:\/\/www.film-felix.com\/?product=venice-laguna-63545","title":{"rendered":"Venice, Lagoon 63545 Campanile"},"content":{"rendered":"<p><span style=\"color: #000000;\">Venice, Italy<\/span><\/p>\n<p><span style=\"color: #000000;\">Traffic in the lagoon in front of Campanile, the St. Mark&#8217;s Square, and the Doges&#8217;s Palace, seen from San Giorgio Maggiore. Venice is UNESCO World Cultural Heritage Site.<br \/>\n<\/span><\/p>\n<p id=\"tw-target-text\" class=\"tw-data-text tw-text-large tw-ta\" dir=\"ltr\" data-placeholder=\"\u00dcbersetzung\"><span lang=\"zh-CN\" style=\"color: #000000;\" tabindex=\"0\">\u610f\u5927\u5229\u5a01\u5c3c\u65af\u3002\u4ece\u5723\u4e54\u6cbb\u00b7\u9a6c\u7126\u96f7\uff08San Giorgio Maggiore\uff09\u770b\uff0c\u949f\u697c\uff0c\u5723\u9a6c\u53ef\u5e7f\u573a\uff08St. Mark&#8217;s Square\uff09\u548c\u603b\u7763\u5e9c\uff08Doge&#8217;s Palace\uff09\u524d\u9762\u6cfb\u6e56\u7684\u6d41\u91cf\u3002\u5a01\u5c3c\u65af\u662f\u8054\u5408\u56fd\u6559\u79d1\u6587\u7ec4\u7ec7\u4e16\u754c\u6587\u5316\u9057\u4ea7\u3002<\/span><\/p>\n<p id=\"tw-target-text\" class=\"tw-data-text tw-text-large tw-ta\" dir=\"ltr\" data-placeholder=\"\u00dcbersetzung\"><span lang=\"zh-CN\" style=\"color: #000000;\" tabindex=\"0\">\u5a01\u5c3c\u65af\u7684\u7535\u5f71\u9662\u7535\u5f71\uff1a\u8d21\u591a\u62c9\u8ffd\u9010007 Moonraker\u3002\u827e\u4e3d\u65af\u00b7\u6c83\u5fb7\uff08Elise Ward\uff09\u5728\u300a\u65c5\u884c\u8005\u300b\u4e2d\u4e0e\u5f17\u5170\u514b\u00b7\u56fe\u4f69\u6d1b\uff08Frank Tupelo\uff09\u4f1a\u9762\u3002 007 Casino Royale\u574d\u584c\u7684\u5bab\u6bbf\u3002\u6709\u624d\u534e\u7684\u91cc\u666e\u5229\u5148\u751f\u3002\u5728\u5a01\u5c3c\u65af\u6b7b\u4ea1\u3002\u610f\u5927\u5229\u5de5\u4f5c\u3002 007\u6765\u81ea\u4fc4\u7f57\u65af\u7684\u7231\u3002<\/span><\/p>\n<p id=\"tw-target-text\" class=\"tw-data-text tw-text-large tw-ta\" dir=\"ltr\" data-placeholder=\"\u00dcbersetzung\"><span lang=\"ru\" style=\"color: #000000;\" tabindex=\"0\">\u0412\u0435\u043d\u0435\u0446\u0438\u044f, \u0418\u0442\u0430\u043b\u0438\u044f. \u0414\u0432\u0438\u0436\u0435\u043d\u0438\u0435 \u0432 \u043b\u0430\u0433\u0443\u043d\u0435 \u043f\u0435\u0440\u0435\u0434 \u041a\u043e\u043b\u043e\u043a\u043e\u043b\u044c\u043d\u0435\u0439, \u043f\u043b\u043e\u0449\u0430\u0434\u044c\u044e \u0421\u0430\u043d-\u041c\u0430\u0440\u043a\u043e \u0438 \u0414\u0432\u043e\u0440\u0446\u043e\u043c \u0414\u043e\u0436\u0435\u0439, \u0432\u0438\u0434 \u0441\u043e \u0441\u0442\u043e\u0440\u043e\u043d\u044b \u0421\u0430\u043d-\u0414\u0436\u043e\u0440\u0434\u0436\u043e \u041c\u0430\u0434\u0436\u043e\u0440\u0435. \u0412\u0435\u043d\u0435\u0446\u0438\u044f \u044f\u0432\u043b\u044f\u0435\u0442\u0441\u044f \u043e\u0431\u044a\u0435\u043a\u0442\u043e\u043c \u0412\u0441\u0435\u043c\u0438\u0440\u043d\u043e\u0433\u043e \u043a\u0443\u043b\u044c\u0442\u0443\u0440\u043d\u043e\u0433\u043e \u043d\u0430\u0441\u043b\u0435\u0434\u0438\u044f \u042e\u041d\u0415\u0421\u041a\u041e.<\/span><\/p>\n<p id=\"tw-target-text\" class=\"tw-data-text tw-text-large tw-ta\" dir=\"ltr\" data-placeholder=\"\u00dcbersetzung\"><span lang=\"ru\" style=\"color: #000000;\" tabindex=\"0\">\u041a\u0438\u043d\u043e\u0444\u0438\u043b\u044c\u043c\u044b \u0432 \u0412\u0435\u043d\u0435\u0446\u0438\u0438: \u043f\u043e\u0433\u043e\u043d\u044f \u043d\u0430 \u0433\u043e\u043d\u0434\u043e\u043b\u0435 \u0432 007 Moonraker. \u042d\u043b\u0438\u0437 \u0423\u043e\u0440\u0434 \u0432\u0441\u0442\u0440\u0435\u0447\u0430\u0435\u0442 \u0424\u0440\u044d\u043d\u043a\u0430 \u0422\u0443\u043f\u0435\u043b\u043e \u0432 \u00ab\u0422\u0443\u0440\u0438\u0441\u0442\u0435\u00bb. <\/span><span lang=\"ru\" style=\"color: #000000;\" tabindex=\"0\">\u0420\u0443\u0448\u0438\u0442\u0441\u044f \u041f\u0430\u043b\u0430\u0446\u0446\u043e \u0432 007 \u041a\u0430\u0437\u0438\u043d\u043e \u0420\u043e\u044f\u043b\u044c. \u0422\u0430\u043b\u0430\u043d\u0442\u043b\u0438\u0432\u044b\u0439 \u043c\u0438\u0441\u0442\u0435\u0440 \u0420\u0438\u043f\u043b\u0438. \u0421\u043c\u0435\u0440\u0442\u044c \u0432 \u0412\u0435\u043d\u0435\u0446\u0438\u0438. <\/span><span lang=\"ru\" style=\"color: #000000;\" tabindex=\"0\">\u0418\u0442\u0430\u043b\u044c\u044f\u043d\u0441\u043a\u0430\u044f \u0420\u0430\u0431\u043e\u0442\u0430. 007 \u0418\u0437 \u0420\u043e\u0441\u0441\u0438\u0438 \u0441 \u043b\u044e\u0431\u043e\u0432\u044c\u044e.<\/span><\/p>\n<p><span lang=\"es\" style=\"color: #000000;\" tabindex=\"0\">Venecia, Italia. Tr\u00e1fico en la laguna frente al Campanile, la Plaza de San Marcos y el Palacio Ducal, visto desde San Giorgio Maggiore. Venecia es Patrimonio de la Humanidad por la UNESCO.<\/span><\/p>\n<p><span style=\"color: #000000;\">Cinema movies in Venice: Gondola chase in 007 <span style=\"color: #0000ff;\"><strong><a style=\"color: #0000ff;\" href=\"http:\/\/www.film-felix.com\/?page_id=9168\" target=\"_blank\" rel=\"noopener\">Moonraker<\/a><\/strong><\/span>. Elise Ward meets Frank Tupelo in <span style=\"color: #0000ff;\"><strong><a style=\"color: #0000ff;\" href=\"http:\/\/www.film-felix.com\/?page_id=9146\" target=\"_blank\" rel=\"noopener\">The Tourist<\/a><\/strong><\/span>. Collapsing Palazzo in 007 Casino Royale. The Talented Mr. Ripley. Death in Venice. The Italian Job. 007 From Russia with Love.\u00a0<\/span><\/p>\n<p id=\"tw-target-text\" class=\"tw-data-text tw-text-large tw-ta\" dir=\"ltr\" data-placeholder=\"\u00dcbersetzung\"><span lang=\"es\" style=\"color: #000000;\" tabindex=\"0\">Pel\u00edculas de cine en Venecia: persecuci\u00f3n en g\u00f3ndola en 007 Moonraker. Elise Ward conoce a Frank Tupelo en The Tourist. El derrumbe de Palazzo en 007 Casino Royale. El talentoso Sr. Ripley. Muerte en Venecia. El trabajo italiano. 007 De Rusia con amor.<\/span><\/p>\n<p><span style=\"color: #000000;\">Available as part (max.15 min) of a longplay medley.<br \/>\nFor other data formats please email me <span style=\"color: #0000ff;\"><a href=\"mailto:office@film-felix.com\" target=\"_blank\" rel=\"noopener\"><span style=\"color: #0000ff;\"><strong>here<\/strong><\/span><\/a><\/span>.<\/span><\/p>\n<p><span style=\"color: #0000ff;\"><strong><span style=\"color: #0000ff;\"><a style=\"color: #0000ff;\" href=\"http:\/\/film-felix.com\/wp-content\/uploads\/2019\/63545_V\/MOV_63545q_laguna_trailer_vidCon_480p_20s_mT.zip\">FREE max20sec TRAILER DOWNLOAD CLICK THIS LINE<\/a><\/span><br \/>\n<\/strong><\/span><\/p>\n<p><span style=\"color: #000000;\">COMMERCIAL USE<br \/>\n<span style=\"color: #000000;\"> For commercial use (Video files in 1080p Full HD quality as M2TS, MPEG or AVI) please email me <span style=\"color: #0000ff;\"><a style=\"color: #0000ff;\" href=\"mailto:office@film-felix.com\" target=\"_blank\" rel=\"noopener\"><strong>here<\/strong><\/a><\/span>. Prior to this, prepare to be asked for the usual commercial use parameters.<\/span><\/span><\/p>\n<p><span style=\"color: #000000;\">LONGPLAY<br \/>\nDue to the file size, longplays are no download products. For a longplay email me\u00a0<span style=\"color: #0000ff;\"><a style=\"color: #0000ff;\" href=\"mailto:office@film-felix.com\" target=\"_blank\" rel=\"noopener\"><strong>here<\/strong><\/a><\/span>. Prior to this, clarify your preferred data format and transport media. In order to identify a made-to-measure video, each Film-Felix longplay comes with a 4 digit code in a corner, or with a text line of your choice.<\/span><\/p>\n<p><span style=\"color: #999999;\">YELLOW-2 Venedig Venezia Laguna<br \/>\n<\/span><\/p>\n","protected":false},"excerpt":{"rendered":"<p><span style=\"color: #000000;\"><span style=\"color: #ffffff;\">.<\/span><br \/>\nTraffic in the lagoon in front of Campanile, the St. Mark&#8217;s Square, and the Doges&#8217;s Palace, seen from San Giorgio Maggiore.<br \/>\n50 seconds video clip.<br \/>\n<\/span><\/p>\n<p>&nbsp;<\/p>\n<p><iframe loading=\"lazy\" src=\"https:\/\/www.youtube.com\/embed\/pWn6w0Ww5_I\" width=\"560\" height=\"315\" frameborder=\"0\" allowfullscreen=\"allowfullscreen\"><\/iframe><\/p>\n<p>&nbsp;<\/p>\n<p><span style=\"color: #000000;\">Use the &#8220;Add to cart&#8221; button below to buy the 50 seconds video clip.<br \/>\nSummer season, clear evening.<br \/>\n720p video quality, regular format 16:9.<br \/>\nOriginal environment sound.<br \/>\n<\/span><span style=\"color: #000000;\"><span style=\"color: #000000;\">MPEG data format, <span style=\"color: #0000ff;\"><strong><a style=\"color: #0000ff;\" href=\"http:\/\/www.film-felix.com\/?page_id=1517\" target=\"_blank\" rel=\"noopener\">zipped<\/a><\/strong><\/span>. File size approx. 56 MB.<br \/>\n<\/span>Licensed for private home use. <span style=\"color: #0000ff;\"><a style=\"color: #0000ff;\" href=\"http:\/\/film-felix.com\/?page_id=1185\" target=\"_blank\" rel=\"noopener\"><strong>What is private home use?<\/strong><\/a><br \/>\n<\/span><\/span><\/p>\n","protected":false},"featured_media":15130,"comment_status":"open","ping_status":"closed","template":"","meta":{"_seopress_robots_primary_cat":"none","_seopress_titles_title":"","_seopress_titles_desc":"","_seopress_robots_index":"","_et_pb_use_builder":"","_et_pb_old_content":"","_et_gb_content_width":""},"product_brand":[],"product_cat":[635,670,690,726,698,688,548,150,321,410,627,626,222],"product_tag":[29,33,34,45,46,116],"class_list":{"0":"post-15124","1":"product","2":"type-product","3":"status-publish","4":"has-post-thumbnail","6":"product_cat-alle-2019","7":"product_cat-yellow-2","8":"product_cat-city-regular-part","9":"product_cat-medley-regular","10":"product_cat-traffic-regular-part","11":"product_cat-water-regular-part","12":"product_cat-reg-moonraker","13":"product_cat-movie-location","14":"product_cat-reg_unesco","15":"product_cat-venezia","16":"product_cat-reg-veneziaothers","17":"product_cat-reg-sanmarco","18":"product_cat-regular","19":"product_tag-center","20":"product_tag-ciudad","21":"product_tag-clip","22":"product_tag-europa","23":"product_tag-europe","24":"product_tag-viejo","26":"first","27":"instock","28":"downloadable","29":"virtual","30":"sold-individually","31":"taxable","32":"purchasable","33":"product-type-simple"},"_links":{"self":[{"href":"http:\/\/www.film-felix.com\/index.php?rest_route=\/wp\/v2\/product\/15124","targetHints":{"allow":["GET"]}}],"collection":[{"href":"http:\/\/www.film-felix.com\/index.php?rest_route=\/wp\/v2\/product"}],"about":[{"href":"http:\/\/www.film-felix.com\/index.php?rest_route=\/wp\/v2\/types\/product"}],"replies":[{"embeddable":true,"href":"http:\/\/www.film-felix.com\/index.php?rest_route=%2Fwp%2Fv2%2Fcomments&post=15124"}],"wp:featuredmedia":[{"embeddable":true,"href":"http:\/\/www.film-felix.com\/index.php?rest_route=\/wp\/v2\/media\/15130"}],"wp:attachment":[{"href":"http:\/\/www.film-felix.com\/index.php?rest_route=%2Fwp%2Fv2%2Fmedia&parent=15124"}],"wp:term":[{"taxonomy":"product_brand","embeddable":true,"href":"http:\/\/www.film-felix.com\/index.php?rest_route=%2Fwp%2Fv2%2Fproduct_brand&post=15124"},{"taxonomy":"product_cat","embeddable":true,"href":"http:\/\/www.film-felix.com\/index.php?rest_route=%2Fwp%2Fv2%2Fproduct_cat&post=15124"},{"taxonomy":"product_tag","embeddable":true,"href":"http:\/\/www.film-felix.com\/index.php?rest_route=%2Fwp%2Fv2%2Fproduct_tag&post=15124"}],"curies":[{"name":"wp","href":"https:\/\/api.w.org\/{rel}","templated":true}]}}