{"id":18239,"date":"2022-12-15T19:11:40","date_gmt":"2022-12-15T17:11:40","guid":{"rendered":"http:\/\/www.film-felix.com\/?post_type=product&#038;p=18239"},"modified":"2023-09-14T20:08:07","modified_gmt":"2023-09-14T18:08:07","slug":"venice-60016-2","status":"publish","type":"product","link":"http:\/\/www.film-felix.com\/?product=venice-60016-2","title":{"rendered":"Venice 60016-2 Canal Grande Upright Size"},"content":{"rendered":"<p><span style=\"color: #000000;\">Venice, Italy<\/span><\/p>\n<p><span style=\"color: #000000;\">The intersection of Canal Grande and Canale di Cannaregio, east of the railway station Santa Lucia. Santi Geremia e Lucia on the left hand side. Venice is UNESCO World Cultural Heritage Site.<br \/>\n<strong>Upright Size<\/strong>.<\/span><\/p>\n<div class=\"oSioSc\">\n<div id=\"tw-target\">\n<div id=\"kAz1tf\" class=\"g9WsWb\">\n<div id=\"tw-target-text-container\" class=\"tw-ta-container tw-lfl\">\n<p class=\"tw-data-text tw-text-large tw-ta\" dir=\"ltr\" data-placeholder=\"\u00dcbersetzung\"><span class=\"Y2IQFc\" lang=\"uk\" style=\"color: #000000;\">\u0412\u0435\u043d\u0435\u0446\u0456\u044f, \u0406\u0442\u0430\u043b\u0456\u044f. \u041f\u0435\u0440\u0435\u0442\u0438\u043d Canal Grande \u0456 Canale di Cannaregio, \u043d\u0430 \u0441\u0445\u0456\u0434 \u0432\u0456\u0434 \u0437\u0430\u043b\u0456\u0437\u043d\u0438\u0447\u043d\u043e\u0457 \u0441\u0442\u0430\u043d\u0446\u0456\u0457 Santa Lucia. Santi Geremia e Lucia \u043d\u0430 \u043b\u0456\u0432\u0456\u0439 \u0441\u0442\u043e\u0440\u043e\u043d\u0456. \u0412\u0435\u043d\u0435\u0446\u0456\u044f \u0432\u0445\u043e\u0434\u0438\u0442\u044c \u0434\u043e \u0441\u043f\u0438\u0441\u043a\u0443 \u0412\u0441\u0435\u0441\u0432\u0456\u0442\u043d\u044c\u043e\u0457 \u043a\u0443\u043b\u044c\u0442\u0443\u0440\u043d\u043e\u0457 \u0441\u043f\u0430\u0434\u0449\u0438\u043d\u0438 \u042e\u041d\u0415\u0421\u041a\u041e. \u0412\u0435\u0440\u0442\u0438\u043a\u0430\u043b\u044c\u043d\u0438\u0439 \u0440\u043e\u0437\u043c\u0456\u0440.<\/p>\n<p><\/span><\/p>\n<p id=\"tw-target-text\" class=\"tw-data-text tw-text-large tw-ta\" dir=\"ltr\" data-placeholder=\"\u00dcbersetzung\"><span class=\"Y2IQFc\" lang=\"zh-CN\" style=\"color: #000000;\">\u610f\u5927\u5229\u5a01\u5c3c\u65af\u3002\u5927\u8fd0\u6cb3\u548c\u5361\u7eb3\u96f7\u5409\u5965\u8fd0\u6cb3\u7684\u4ea4\u6c47\u5904\uff0c\u5723\u5362\u897f\u4e9a\u706b\u8f66\u7ad9\u4ee5\u4e1c\u3002 Santi Geremia e Lucia \u4f4d\u4e8e\u5de6\u4fa7\u3002\u5a01\u5c3c\u65af\u662f\u8054\u5408\u56fd\u6559\u79d1\u6587\u7ec4\u7ec7\u4e16\u754c\u6587\u5316\u9057\u4ea7\u3002 \u76f4\u7acb\u5c3a\u5bf8\u3002<\/span><\/p>\n<p id=\"tw-target-text\" class=\"tw-data-text tw-text-large tw-ta\" dir=\"ltr\" data-placeholder=\"\u00dcbersetzung\"><span class=\"Y2IQFc\" lang=\"ja\" style=\"color: #000000;\">\u30a4\u30bf\u30ea\u30a2\u3001\u30f4\u30a7\u30cd\u30c4\u30a3\u30a2\u3002\u30ab\u30ca\u30eb\u30fb\u30b0\u30e9\u30f3\u30c7\u3068\u30ab\u30ca\u30fc\u30ec\u30fb\u30c7\u30a3\u30fb\u30ab\u30f3\u30ca\u30ec\u30fc\u30b8\u30e7\u306e\u4ea4\u5dee\u70b9\u3001\u30b5\u30f3\u30bf\u30fb\u30eb\u30c1\u30a2\u99c5\u306e\u6771\u3002\u5de6\u624b\u306b\u30b5\u30f3\u30c6\u30a3\u30fb\u30b8\u30a7\u30ec\u30df\u30a2\u30fb\u30a8\u30fb\u30eb\u30c1\u30a2\u3002\u30f4\u30a7\u30cd\u30c4\u30a3\u30a2\u306f\u30e6\u30cd\u30b9\u30b3\u306e\u4e16\u754c\u6587\u5316\u907a\u7523\u306b\u767b\u9332\u3055\u308c\u3066\u3044\u307e\u3059\u3002 \u76f4\u7acb\u30b5\u30a4\u30ba\u3002<\/span><\/p>\n<p id=\"tw-target-text\" class=\"tw-data-text tw-text-large tw-ta\" dir=\"ltr\" data-placeholder=\"\u00dcbersetzung\"><span style=\"color: #000000;\"><span class=\"Y2IQFc\" lang=\"es\">Venecia, Italia. La intersecci\u00f3n de Canal Grande y Canale di Cannaregio, al este de la estaci\u00f3n de tren Santa Luc\u00eda. Santi Geremia y Luc\u00eda en el lado izquierdo. Venecia es Patrimonio Cultural de la Humanidad por la UNESCO. Tama\u00f1o vertical.<\/span><span class=\"Y2IQFc\" lang=\"uk\"><br \/>\n<\/span><\/span><span style=\"color: #0000ff;\"><br \/>\n<a style=\"color: #0000ff;\" href=\"http:\/\/film-felix.com\/wp-content\/uploads\/2023\/trailer\/MOV_60016-2q_grand_trailer_vidCon_20s_mT.zip\"><strong><span style=\"color: #0000ff;\">FREE_max.20sec_TRAILER_DOWNLOAD_CLICK_HERE<\/span><\/strong><\/a><\/span><\/p>\n<p id=\"tw-target-text\" class=\"tw-data-text tw-text-large tw-ta\" dir=\"ltr\" data-placeholder=\"\u00dcbersetzung\"><span style=\"color: #000000;\">Available as part (max.15 min) of a longplay medley.<\/span><\/p>\n<\/div>\n<\/div>\n<\/div>\n<\/div>\n<div class=\"oSioSc\">\n<div id=\"tw-target\">\n<div id=\"kAz1tf\" class=\"g9WsWb\">\n<div id=\"tw-target-text-container\" class=\"tw-ta-container tw-nfl\">\n<p><span style=\"color: #000000;\">For other data formats please email me <span style=\"color: #0000ff;\"><a style=\"color: #0000ff;\" href=\"mailto:office@film-felix.com\" target=\"_blank\" rel=\"noopener\"><strong>here<\/strong><\/a><\/span>.<\/span><\/p>\n<p><span style=\"color: #000000;\">COMMERCIAL USE<\/span><br \/>\n<span style=\"color: #000000;\">For commercial use. <span style=\"color: #0000ff;\"><a style=\"color: #0000ff;\" href=\"http:\/\/www.film-felix.com\/?page_id=1185\" target=\"_blank\" rel=\"noopener\"><strong>What is commercial use?<\/strong><\/a><\/span><\/span><\/p>\n<\/div>\n<\/div>\n<\/div>\n<\/div>\n<p><span style=\"color: #000000;\">LONGPLAY<\/span><br \/>\n<span style=\"color: #000000;\">Due to the file size, longplays are no download products. For a longplay email me\u00a0<span style=\"color: #0000ff;\"><a style=\"color: #0000ff;\" href=\"mailto:office@film-felix.com\" target=\"_blank\" rel=\"noopener\"><strong>here<\/strong><\/a><\/span>. Prior to this, clarify your preferred data format and transport media. In order to identify a made-to-measure video, every Film-Felix longplay comes with a 4 digit code in a corner, or with a text line of your choice.<\/span><\/p>\n<p><span style=\"color: #999999;\">HELLBLAU Venezia Venedig<br \/>\n<\/span><\/p>\n","protected":false},"excerpt":{"rendered":"<p><span style=\"color: #000000;\"><span style=\"color: #ffffff;\">.<\/span><br \/>\nThe intersection of Canal Grande and Canale di Cannaregio.<br \/>\n1 minute video clip.<br \/>\n<\/span><\/p>\n<p>&nbsp;<\/p>\n<p><iframe loading=\"lazy\" src=\"https:\/\/www.youtube.com\/embed\/xCg21aZPleE\" width=\"560\" height=\"315\" frameborder=\"0\" allowfullscreen=\"allowfullscreen\"><\/iframe><\/p>\n<p>&nbsp;<\/p>\n<p><span style=\"color: #000000;\">Use the &#8220;Add to cart&#8221; button below to buy the 1 minute video clip.<br \/>\nUHD Quality, <strong>Upright Size<\/strong> 9:16.<br \/>\nSummer season, sunny day.<br \/>\nOriginal environment sound.<br \/>\nMP4 video data format, <span style=\"color: #0000ff;\"><strong><a style=\"color: #0000ff;\" href=\"http:\/\/www.film-felix.com\/?page_id=1517\" target=\"_blank\" rel=\"noopener\">zipped<\/a><\/strong><\/span>. File size approx. 150 MB.<br \/>\nLicensed for private and for commercial use. <span style=\"color: #0000ff;\"><a style=\"color: #0000ff;\" href=\"http:\/\/www.film-felix.com\/?page_id=1185\" target=\"_blank\" rel=\"noopener\"><strong>What is private use? What is commercial use?<\/strong><\/a><\/span><br \/>\n<\/span><\/p>\n","protected":false},"featured_media":18412,"comment_status":"open","ping_status":"closed","template":"","meta":{"_seopress_robots_primary_cat":"none","_seopress_titles_title":"","_seopress_titles_desc":"","_seopress_robots_index":"","_et_pb_use_builder":"","_et_pb_old_content":"","_et_gb_content_width":""},"product_brand":[],"product_cat":[721,713,693,699,727,691,220,227,228,231,633,322,546,246],"product_tag":[32,33,34,46,478],"class_list":{"0":"post-18239","1":"product","2":"type-product","3":"status-publish","4":"has-post-thumbnail","6":"product_cat-alle-2022","7":"product_cat-hellblau","8":"product_cat-city-upright-part","9":"product_cat-traffic-upright-part","10":"product_cat-medley-upright","11":"product_cat-water-upright-part","12":"product_cat-upright","13":"product_cat-upr_trains","14":"product_cat-upr_city-life","15":"product_cat-upr_daylight","16":"product_cat-upr-italy","17":"product_cat-upr_unesco","18":"product_cat-upr-venezia","19":"product_cat-upr_water","20":"product_tag-city","21":"product_tag-ciudad","22":"product_tag-clip","23":"product_tag-europe","24":"product_tag-unesco","26":"first","27":"instock","28":"downloadable","29":"virtual","30":"sold-individually","31":"taxable","32":"purchasable","33":"product-type-simple"},"_links":{"self":[{"href":"http:\/\/www.film-felix.com\/index.php?rest_route=\/wp\/v2\/product\/18239","targetHints":{"allow":["GET"]}}],"collection":[{"href":"http:\/\/www.film-felix.com\/index.php?rest_route=\/wp\/v2\/product"}],"about":[{"href":"http:\/\/www.film-felix.com\/index.php?rest_route=\/wp\/v2\/types\/product"}],"replies":[{"embeddable":true,"href":"http:\/\/www.film-felix.com\/index.php?rest_route=%2Fwp%2Fv2%2Fcomments&post=18239"}],"wp:featuredmedia":[{"embeddable":true,"href":"http:\/\/www.film-felix.com\/index.php?rest_route=\/wp\/v2\/media\/18412"}],"wp:attachment":[{"href":"http:\/\/www.film-felix.com\/index.php?rest_route=%2Fwp%2Fv2%2Fmedia&parent=18239"}],"wp:term":[{"taxonomy":"product_brand","embeddable":true,"href":"http:\/\/www.film-felix.com\/index.php?rest_route=%2Fwp%2Fv2%2Fproduct_brand&post=18239"},{"taxonomy":"product_cat","embeddable":true,"href":"http:\/\/www.film-felix.com\/index.php?rest_route=%2Fwp%2Fv2%2Fproduct_cat&post=18239"},{"taxonomy":"product_tag","embeddable":true,"href":"http:\/\/www.film-felix.com\/index.php?rest_route=%2Fwp%2Fv2%2Fproduct_tag&post=18239"}],"curies":[{"name":"wp","href":"https:\/\/api.w.org\/{rel}","templated":true}]}}