{"id":18795,"date":"2023-04-24T15:18:32","date_gmt":"2023-04-24T13:18:32","guid":{"rendered":"http:\/\/www.film-felix.com\/?post_type=product&#038;p=18795"},"modified":"2025-07-07T18:51:07","modified_gmt":"2025-07-07T16:51:07","slug":"linz-99634","status":"publish","type":"product","link":"http:\/\/www.film-felix.com\/?product=linz-99634","title":{"rendered":"Linz 99634 Old Town soon"},"content":{"rendered":"<p><span style=\"color: #000000;\">Linz, Austria<\/span><\/p>\n<p><span style=\"color: #000000;\">Old town, Nibelungenbr\u00fccke and the Lentos museum, seen from the Danube River.<br \/>\n<\/span><\/p>\n<p><span class=\"Y2IQFc\" lang=\"uk\" style=\"color: #000000;\">\u041b\u0456\u043d\u0446, \u0410\u0432\u0441\u0442\u0440\u0456\u044f. \u0421\u0442\u0430\u0440\u0435 \u043c\u0456\u0441\u0442\u043e, \u041d\u0456\u0431\u0435\u043b\u0443\u043d\u0433\u0435\u043d\u0431\u0440\u044e\u043a\u043a\u0435 \u0442\u0430 \u043c\u0443\u0437\u0435\u0439 \u041b\u0435\u043d\u0442\u043e\u0441, \u0432\u0438\u0434 \u0437 \u0440\u0456\u0447\u043a\u0438 \u0414\u0443\u043d\u0430\u0439. \u0426\u0435 \u043f\u043e\u043b\u0456\u0442 \u043d\u0430\u0437\u0430\u0434. \u0421\u043e\u043d\u044f\u0447\u043d\u0438\u0439 \u043b\u0456\u0442\u043d\u0456\u0439 \u0434\u0435\u043d\u044c.<\/span><\/p>\n<p><span class=\"Y2IQFc\" lang=\"ja\" style=\"color: #000000;\">\u30aa\u30fc\u30b9\u30c8\u30ea\u30a2\u3001\u30ea\u30f3\u30c4\u3002\u30c9\u30ca\u30a6\u5ddd\u304b\u3089\u898b\u305f\u65e7\u5e02\u8857\u3001\u30cb\u30fc\u30d9\u30eb\u30f3\u30b2\u30f3\u6a4b\u3001\u30ec\u30f3\u30c8\u30b9\u7f8e\u8853\u9928\u3002\u3053\u308c\u306f\u5e30\u308a\u306e\u98db\u884c\u6a5f\u3067\u3059\u3002\u6674\u308c\u305f\u590f\u306e\u65e5\u3002<\/span><\/p>\n<p><span class=\"Y2IQFc\" lang=\"zh-CN\" style=\"color: #000000;\">\u5965\u5730\u5229\u6797\u8328\u3002\u4ece\u591a\u7459\u6cb3\u4e0a\u770b\u5230\u7684\u8001\u57ce\u533a\u3001\u5c3c\u4f2f\u9f99\u6839\u6865\u548c\u4f26\u6258\u65af\u535a\u7269\u9986\u3002\u8fd9\u662f\u8fd4\u7a0b\u822a\u73ed\u3002\u9633\u5149\u660e\u5a9a\u7684\u590f\u65e5\u3002<\/span><\/p>\n<p><span class=\"Y2IQFc\" lang=\"es\" style=\"color: #000000;\">Linz, Austria. Casco antiguo, Nibelungenbr\u00fccke y el museo Lentos, visto desde el r\u00edo Danubio. Este es un vuelo de regreso. D\u00eda soleado de verano.<\/span><\/p>\n<p><strong><span style=\"color: #0000ff;\"><span style=\"color: #999999;\">FREE max.20sec TRAILER DOWNLOAD CLICK HERE <span style=\"color: #ff0000;\">soon<\/span><\/span><span style=\"color: #0000ff;\"><br \/>\n<\/span><\/span><\/strong><\/p>\n<p><span style=\"color: #000000;\">COMMERCIAL USE<br \/>\nFor commercial use (Video files in 1080p Full HD or in UHD quality) please email me <span style=\"color: #0000ff;\"><a style=\"color: #0000ff;\" href=\"mailto:office@film-felix.com\" target=\"_blank\" rel=\"noopener\"><strong>here<\/strong><\/a><\/span>. Prior to this, prepare to be asked for the usual commercial use parameters.<\/span><\/p>\n<p><span style=\"color: #999999;\">HELLBLAU<br \/>\n<\/span><\/p>\n","protected":false},"excerpt":{"rendered":"<p><span style=\"color: #000000;\"><span style=\"color: #ffffff;\">.<\/span><br \/>\nOld town, Nibelungenbr\u00fccke and the Lentos museum, seen from the Danube River.<br \/>\n50 seconds video clip.<br \/>\n<\/span><\/p>\n<p>&nbsp;<\/p>\n<p><iframe loading=\"lazy\" src=\"https:\/\/www.youtube.com\/embed\/MywalwIlRx0\" width=\"560\" height=\"315\" frameborder=\"0\" allowfullscreen=\"allowfullscreen\"><\/iframe><\/p>\n<p>&nbsp;<\/p>\n<p><span style=\"color: #000000;\">Use the &#8220;Add to cart&#8221; button to buy the 50 seconds video clip.<br \/>\nSummer season, sunny day.<br \/>\n720p video quality, regular format 16:9.<br \/>\nThe video comes silent.<br \/>\n<\/span><span style=\"color: #000000;\"><span style=\"color: #000000;\">MPEG data format, <span style=\"color: #0000ff;\"><strong><a style=\"color: #0000ff;\" href=\"http:\/\/www.film-felix.com\/?page_id=1517\" target=\"_blank\" rel=\"noopener\">zipped<\/a><\/strong><\/span>. File size approx. 56 MB.<br \/>\n<\/span>Licensed for private home use. <span style=\"color: #0000ff;\"><a href=\"http:\/\/film-felix.com\/?page_id=1185\"><span style=\"color: #0000ff;\"><strong>What is private home use?<\/strong><\/span><\/a><\/span><\/span><\/p>\n","protected":false},"featured_media":19167,"comment_status":"open","ping_status":"closed","template":"","meta":{"_seopress_robots_primary_cat":"none","_seopress_titles_title":"","_seopress_titles_desc":"","_seopress_robots_index":"","_et_pb_use_builder":"","_et_pb_old_content":"","_et_gb_content_width":""},"product_brand":[],"product_cat":[733,766,713,16,152,37,719,586,145,212,222,704],"product_tag":[34,45,46],"class_list":{"0":"post-18795","1":"product","2":"type-product","3":"status-publish","4":"has-post-thumbnail","6":"product_cat-alle-2023","7":"product_cat-elevator-regular-down","8":"product_cat-hellblau","9":"product_cat-austria","10":"product_cat-trains","11":"product_cat-daylight","12":"product_cat-reg-drone","13":"product_cat-reg-other","14":"product_cat-reg-sea","15":"product_cat-summer","16":"product_cat-regular","17":"product_cat-uncategorized","18":"product_tag-clip","19":"product_tag-europa","20":"product_tag-europe","22":"first","23":"instock","24":"downloadable","25":"virtual","26":"sold-individually","27":"taxable","28":"purchasable","29":"product-type-simple"},"_links":{"self":[{"href":"http:\/\/www.film-felix.com\/index.php?rest_route=\/wp\/v2\/product\/18795","targetHints":{"allow":["GET"]}}],"collection":[{"href":"http:\/\/www.film-felix.com\/index.php?rest_route=\/wp\/v2\/product"}],"about":[{"href":"http:\/\/www.film-felix.com\/index.php?rest_route=\/wp\/v2\/types\/product"}],"replies":[{"embeddable":true,"href":"http:\/\/www.film-felix.com\/index.php?rest_route=%2Fwp%2Fv2%2Fcomments&post=18795"}],"wp:featuredmedia":[{"embeddable":true,"href":"http:\/\/www.film-felix.com\/index.php?rest_route=\/wp\/v2\/media\/19167"}],"wp:attachment":[{"href":"http:\/\/www.film-felix.com\/index.php?rest_route=%2Fwp%2Fv2%2Fmedia&parent=18795"}],"wp:term":[{"taxonomy":"product_brand","embeddable":true,"href":"http:\/\/www.film-felix.com\/index.php?rest_route=%2Fwp%2Fv2%2Fproduct_brand&post=18795"},{"taxonomy":"product_cat","embeddable":true,"href":"http:\/\/www.film-felix.com\/index.php?rest_route=%2Fwp%2Fv2%2Fproduct_cat&post=18795"},{"taxonomy":"product_tag","embeddable":true,"href":"http:\/\/www.film-felix.com\/index.php?rest_route=%2Fwp%2Fv2%2Fproduct_tag&post=18795"}],"curies":[{"name":"wp","href":"https:\/\/api.w.org\/{rel}","templated":true}]}}