{"id":19179,"date":"2023-08-06T13:35:35","date_gmt":"2023-08-06T11:35:35","guid":{"rendered":"http:\/\/www.film-felix.com\/?post_type=product&#038;p=19179"},"modified":"2025-07-07T18:44:33","modified_gmt":"2025-07-07T16:44:33","slug":"dachstein-23303-2","status":"publish","type":"product","link":"http:\/\/www.film-felix.com\/?product=dachstein-23303-2","title":{"rendered":"Dachstein 23303-2 Up"},"content":{"rendered":"<p><span style=\"color: #000000;\">Ramsau, Austria <\/span><\/p>\n<p><span style=\"color: #000000;\">The Dachstein south wall, seen from the ropeway. This is a ride up. The gondola approaches the upper station.<br \/>\n<\/span><\/p>\n<p><span class=\"Y2IQFc\" lang=\"es\" style=\"color: #000000;\">Ramsau, Austria. El muro sur de Dachstein, visto desde el telef\u00e9rico. Este es un viaje hacia arriba. La g\u00f3ndola llega a la estaci\u00f3n superior. D\u00eda soleado de verano.<\/span><\/p>\n<p><span class=\"Y2IQFc\" lang=\"zh-CN\" style=\"color: #000000;\">\u5965\u5730\u5229\u62c9\u59c6\u7ecd\u3002\u4ece\u7d22\u9053\u4e0a\u770b\u5230\u7684\u8fbe\u8d6b\u65af\u5766\u5357\u5899\u3002\u8fd9\u662f\u4e00\u4e2a\u4e0a\u884c\u7684\u8fc7\u7a0b\u3002\u7f06\u8f66\u5230\u8fbe\u4e0a\u7ad9\u3002\u9633\u5149\u660e\u5a9a\u7684\u590f\u65e5\u3002<\/span><\/p>\n<p><span class=\"Y2IQFc\" lang=\"ja\" style=\"color: #000000;\">\u30e9\u30e0\u30b5\u30a6\u3001\u30aa\u30fc\u30b9\u30c8\u30ea\u30a2\u3002\u30ed\u30fc\u30d7\u30a6\u30a7\u30a4\u304b\u3089\u898b\u305f\u30c0\u30c3\u30cf\u30b7\u30e5\u30bf\u30a4\u30f3\u5357\u58c1\u3002\u3053\u308c\u306f\u4e57\u308a\u7269\u3067\u3059\u3002\u30b4\u30f3\u30c9\u30e9\u306f\u4e0a\u306e\u99c5\u306b\u5230\u7740\u3057\u307e\u3059\u3002\u6674\u308c\u305f\u590f\u306e\u65e5\u3002<\/span><\/p>\n<p><span class=\"Y2IQFc\" lang=\"uk\" style=\"color: #000000;\">\u0420\u0430\u043c\u0437\u0430\u0443, \u0410\u0432\u0441\u0442\u0440\u0456\u044f. \u041f\u0456\u0432\u0434\u0435\u043d\u043d\u0430 \u0441\u0442\u0456\u043d\u0430 \u0414\u0430\u0445\u0448\u0442\u0430\u0439\u043d, \u0432\u0438\u0434 \u0437 \u043a\u0430\u043d\u0430\u0442\u043d\u043e\u0457 \u0434\u043e\u0440\u043e\u0433\u0438. \u0426\u0435 \u0457\u0437\u0434\u0430 \u0432\u0433\u043e\u0440\u0443. \u0413\u043e\u043d\u0434\u043e\u043b\u0430 \u043f\u0440\u0438\u0431\u0443\u0432\u0430\u0454 \u043d\u0430 \u0432\u0435\u0440\u0445\u043d\u044e \u0441\u0442\u0430\u043d\u0446\u0456\u044e. \u0421\u043e\u043d\u044f\u0447\u043d\u0438\u0439 \u043b\u0456\u0442\u043d\u0456\u0439 \u0434\u0435\u043d\u044c.<\/span><\/p>\n<p><span style=\"color: #999999;\"><strong><span style=\"color: #0000ff;\"><a style=\"color: #0000ff;\" href=\"http:\/\/film-felix.com\/wp-content\/uploads\/2023\/trailer\/MOV_23303-2q_dach_trailer_vidCon_20s_mT.zip\">FREE_max.20sec_TRAILER_DOWNLOAD_CLICK_HERE<\/a><\/span><br \/>\n<\/strong><\/span><\/p>\n<p><span style=\"color: #000000;\">COMMERCIAL USE<br \/>\n<span style=\"color: #000000;\"> For commercial use (Video files in UHD or in 1080p Full HD quality) please email me <span style=\"color: #0000ff;\"><a style=\"color: #0000ff;\" href=\"mailto:office@film-felix.com\" target=\"_blank\" rel=\"noopener\"><strong>here<\/strong><\/a><\/span>. Prior to this, prepare to be asked for the usual commercial use parameters.<\/span><\/span><\/p>\n<p><span style=\"color: #999999;\">SILVER-3<\/span><\/p>\n","protected":false},"excerpt":{"rendered":"<p><span style=\"color: #000000;\"><span style=\"color: #ffffff;\">.<\/span><br \/>\nThe Dachstein south wall, seen from the ropeway. The gondola approaches the upper station.<br \/>\n50 seconds video clip.<br \/>\n<\/span><\/p>\n<p>&nbsp;<\/p>\n<p><iframe loading=\"lazy\" src=\"https:\/\/www.youtube.com\/embed\/QN17BiSIREQ?rel=0\" width=\"560\" height=\"315\" frameborder=\"0\" allowfullscreen=\"allowfullscreen\"><\/iframe><\/p>\n<p>&nbsp;<\/p>\n<p><span style=\"color: #000000;\">Use the &#8220;Add to cart&#8221; button below to buy the 50 seconds video clip.<br \/>\nSummer season, sunny day.<br \/>\n720p video quality, regular format 16:9.<br \/>\nOriginal environment sound.<br \/>\n<\/span><span style=\"color: #000000;\"><span style=\"color: #000000;\">MPEG data format, <span style=\"color: #0000ff;\"><strong><a style=\"color: #0000ff;\" href=\"http:\/\/www.film-felix.com\/?page_id=1517\" target=\"_blank\" rel=\"noopener\">zipped<\/a><\/strong><\/span>. File size approx. 57 MB.<br \/>\n<\/span>Licensed for private home use. <span style=\"color: #0000ff;\"><a href=\"http:\/\/film-felix.com\/?page_id=1185\"><span style=\"color: #0000ff;\"><strong>What is private home use?<\/strong><\/span><\/a><\/span><\/span><\/p>\n","protected":false},"featured_media":19202,"comment_status":"open","ping_status":"closed","template":"","meta":{"_seopress_robots_primary_cat":"none","_seopress_titles_title":"","_seopress_titles_desc":"","_seopress_robots_index":"","_et_pb_use_builder":"","_et_pb_old_content":"","_et_gb_content_width":""},"product_brand":[],"product_cat":[733,764,736,589,16,37,719,191,151,586,745,554,214,222],"product_tag":[34,45,46,320],"class_list":{"0":"post-19179","1":"product","2":"type-product","3":"status-publish","4":"has-post-thumbnail","6":"product_cat-alle-2023","7":"product_cat-elevator-regular-up","8":"product_cat-silver-3","9":"product_cat-reg-gastein","10":"product_cat-austria","11":"product_cat-daylight","12":"product_cat-reg-drone","13":"product_cat-fun","14":"product_cat-parks","15":"product_cat-reg-other","16":"product_cat-reg-schladming","17":"product_cat-reg-tech","18":"product_cat-winter-2","19":"product_cat-regular","20":"product_tag-clip","21":"product_tag-europa","22":"product_tag-europe","23":"product_tag-salzburg-2","25":"first","26":"instock","27":"downloadable","28":"virtual","29":"taxable","30":"purchasable","31":"product-type-simple"},"_links":{"self":[{"href":"http:\/\/www.film-felix.com\/index.php?rest_route=\/wp\/v2\/product\/19179","targetHints":{"allow":["GET"]}}],"collection":[{"href":"http:\/\/www.film-felix.com\/index.php?rest_route=\/wp\/v2\/product"}],"about":[{"href":"http:\/\/www.film-felix.com\/index.php?rest_route=\/wp\/v2\/types\/product"}],"replies":[{"embeddable":true,"href":"http:\/\/www.film-felix.com\/index.php?rest_route=%2Fwp%2Fv2%2Fcomments&post=19179"}],"wp:featuredmedia":[{"embeddable":true,"href":"http:\/\/www.film-felix.com\/index.php?rest_route=\/wp\/v2\/media\/19202"}],"wp:attachment":[{"href":"http:\/\/www.film-felix.com\/index.php?rest_route=%2Fwp%2Fv2%2Fmedia&parent=19179"}],"wp:term":[{"taxonomy":"product_brand","embeddable":true,"href":"http:\/\/www.film-felix.com\/index.php?rest_route=%2Fwp%2Fv2%2Fproduct_brand&post=19179"},{"taxonomy":"product_cat","embeddable":true,"href":"http:\/\/www.film-felix.com\/index.php?rest_route=%2Fwp%2Fv2%2Fproduct_cat&post=19179"},{"taxonomy":"product_tag","embeddable":true,"href":"http:\/\/www.film-felix.com\/index.php?rest_route=%2Fwp%2Fv2%2Fproduct_tag&post=19179"}],"curies":[{"name":"wp","href":"https:\/\/api.w.org\/{rel}","templated":true}]}}